{"id":193,"date":"2022-01-19T13:35:01","date_gmt":"2022-01-19T12:35:01","guid":{"rendered":"http:\/\/archiviodistatodimassa.cultura.gov.it\/?page_id=193"},"modified":"2024-03-28T09:05:36","modified_gmt":"2024-03-28T08:05:36","slug":"orari-3","status":"publish","type":"page","link":"https:\/\/archiviodistatodimassa.cultura.gov.it\/?page_id=193","title":{"rendered":"Orari"},"content":{"rendered":"<h2>Orari<\/h2>\n<p>\n        <section class=\"mt-4 mb-3 image-content italiawp2-img alignnone\">\n            <figure class=\"m-0 p-3 u-background-grey-60\">\n                <img src=\"https:\/\/archiviodistatodimassa.cultura.gov.it\/wp-content\/uploads\/2024\/02\/sala-studio-300x228.jpg\" class=\"u-sizeFull\" alt=\"\">\n                <figcaption>\n                    <p>sala studio<\/p>\n                <\/figcaption>\n            <\/figure><\/section><\/p>\n<p><strong>Orari di apertura al pubblico\u00a0<\/strong><\/p>\n<p>Luned\u00ec, Mercoled\u00ec, Venerd\u00ec\u00a0 8.30 &#8211; 13.30<\/p>\n<p>Marted\u00ec e Gioved\u00ec orario 8.30 &#8211; 17.00<\/p>\n<p>tel 058541684<\/p>\n<p>Chiusura della sede di Massa:<\/p>\n<p>4 ottobre San Francesco<\/p>\n<p>Chiusura della sede di Pontremoli:<\/p>\n<p>31 gennaio San Geminiano<\/p>\n<p><strong>La sezione di Pontremoli \u00e8 temporaneamente chiusa.<\/strong><\/p>\n<p><strong>Per info:<\/strong><\/p>\n<p><strong><a href=\"mailto:as-ms@cultura.gov.it\">as-ms@cultura.gov.it<\/a><\/strong><\/p>\n","protected":false},"excerpt":{"rendered":"<p>Orari sala studio Orari di apertura al pubblico\u00a0 Luned\u00ec, Mercoled\u00ec, Venerd\u00ec\u00a0 8.<\/p>\n","protected":false},"author":2,"featured_media":0,"parent":0,"menu_order":0,"comment_status":"closed","ping_status":"closed","template":"","meta":{"footnotes":""},"tags":[],"class_list":["post-193","page","type-page","status-publish","hentry"],"_links":{"self":[{"href":"https:\/\/archiviodistatodimassa.cultura.gov.it\/index.php?rest_route=\/wp\/v2\/pages\/193","targetHints":{"allow":["GET"]}}],"collection":[{"href":"https:\/\/archiviodistatodimassa.cultura.gov.it\/index.php?rest_route=\/wp\/v2\/pages"}],"about":[{"href":"https:\/\/archiviodistatodimassa.cultura.gov.it\/index.php?rest_route=\/wp\/v2\/types\/page"}],"author":[{"embeddable":true,"href":"https:\/\/archiviodistatodimassa.cultura.gov.it\/index.php?rest_route=\/wp\/v2\/users\/2"}],"replies":[{"embeddable":true,"href":"https:\/\/archiviodistatodimassa.cultura.gov.it\/index.php?rest_route=%2Fwp%2Fv2%2Fcomments&post=193"}],"version-history":[{"count":13,"href":"https:\/\/archiviodistatodimassa.cultura.gov.it\/index.php?rest_route=\/wp\/v2\/pages\/193\/revisions"}],"predecessor-version":[{"id":4174,"href":"https:\/\/archiviodistatodimassa.cultura.gov.it\/index.php?rest_route=\/wp\/v2\/pages\/193\/revisions\/4174"}],"wp:attachment":[{"href":"https:\/\/archiviodistatodimassa.cultura.gov.it\/index.php?rest_route=%2Fwp%2Fv2%2Fmedia&parent=193"}],"wp:term":[{"taxonomy":"post_tag","embeddable":true,"href":"https:\/\/archiviodistatodimassa.cultura.gov.it\/index.php?rest_route=%2Fwp%2Fv2%2Ftags&post=193"}],"curies":[{"name":"wp","href":"https:\/\/api.w.org\/{rel}","templated":true}]}}

<h2>Orari</h2>
<p>
        <section class="mt-4 mb-3 image-content italiawp2-img alignnone">
            <figure class="m-0 p-3 u-background-grey-60">
                <img src="https://archiviodistatodimassa.cultura.gov.it/wp-content/uploads/2024/02/sala-studio-300x228.jpg" class="u-sizeFull" alt="">
                <figcaption>
                    <p>sala studio</p>
                </figcaption>
            </figure></section></p>
<p><strong>Orari di apertura al pubblico </strong></p>
<p>Lunedì, Mercoledì, Venerdì  8.30 &#8211; 13.30</p>
<p>Martedì e Giovedì orario 8.30 &#8211; 17.00</p>
<p>tel 058541684</p>
<p>Chiusura della sede di Massa:</p>
<p>4 ottobre San Francesco</p>
<p>Chiusura della sede di Pontremoli:</p>
<p>31 gennaio San Geminiano</p>
<p><strong>La sezione di Pontremoli è temporaneamente chiusa.</strong></p>
<p><strong>Per info:</strong></p>
<p><strong><a href="mailto:as-ms@cultura.gov.it">as-ms@cultura.gov.it</a></strong></p>

<p>Orari sala studio Orari di apertura al pubblico  Lunedì, Mercoledì, Venerdì  8.</p>
