{"id":237,"date":"2022-01-19T14:25:41","date_gmt":"2022-01-19T13:25:41","guid":{"rendered":"http:\/\/archiviodistatodimassa.cultura.gov.it\/?page_id=237"},"modified":"2022-05-25T07:46:15","modified_gmt":"2022-05-25T05:46:15","slug":"sezione-di-pontremoli","status":"publish","type":"page","link":"https:\/\/archiviodistatodimassa.cultura.gov.it\/?page_id=237","title":{"rendered":"Sezione di Pontremoli"},"content":{"rendered":"<h2>Sezione di Pontremoli<\/h2>\n<p>&nbsp;<\/p>\n<hr \/>\n<p><strong>Si informa la Spettabile Utenza che il\u00a0<em>Servizio di Sala Studio<\/em>\u00a0della Sezione di Pontremoli dell&#8217;Archivio di Stato di Massa \u00e8 momentaneamente sospeso per motivi legati al D.\u00a0Lgs. 81\/2008.\u200b<\/strong><\/p>\n<p>Massa 15\/12\/2021<\/p>\n<p>Si comunica che la\u00a0<strong>ricerca per corrispondenza della documentazione conservata presso la Sezione di Pontremoli<\/strong>\u00a0\u00e8 momentaneamente sospesa a causa di criticit\u00e0 strutturali che richiedono interventi, per i quali questa Direzione ha chiesto gli accreditamenti al Ministero della Cultura.<\/p>\n<p>Cordiali saluti<\/p>\n<p>Il Direttore<br \/>\nDott.ssa Francesca Nepori<\/p>\n<div id=\"Signature\">\n<div>\n<div><\/div>\n<\/div>\n<\/div>\n<hr \/>\n<p>&nbsp;<\/p>\n<p><strong>La Sezione di Archivio di Stato di Pontremoli<\/strong>\u00a0conserva attualmente circa 13.500 unit\u00e0 archivistiche, 369 pergamene e 1.470 mappe. Il nucleo \u00e8 l&#8217;archivio dell&#8217;antico comune e del commissario, poi vicario, di Pontremoli. A questo si sono aggiunti vari archivi del periodo napoleonico, della Restaurazione e dello Stato unitario.<\/p>\n<p>Nel 1949 la\u00a0<a title=\"Comune di Pontremoli\" href=\"http:\/\/www.comune.pontremoli.ms.it\/\" target=\"_blank\" rel=\"external noopener\">Giunta Comunale di Pontremoli<\/a>, con delibera del 09.12.1949, dichiar\u00f2 la volont\u00e0 di istituire una Sottosezione d&#8217;Archivio di Stato ai sensi dell&#8217;art. 11 della Circolare n. 2006; in realt\u00e0 sin dal 1941 ne era gi\u00e0 stata chiesta l&#8217;istituzione con delibera commissariale. La Sottosezione d&#8217;Archivio di Stato di Pontremoli fu poi istituita con decreto del 12.04.1954 dal Ministero dell&#8217;Interno. Con la legge del 17.12.1962 n. 1863, che disponeva l&#8217;ordinamento degli Archivi di Stato e del personale preposto, si avvi\u00f2 l&#8217;abolizione delle Sottosezioni d&#8217;Archivio di Stato trasformandole in Sezioni. La Sezione di Pontremoli, rimase presso i locali dell&#8217;Archivio comunale che l&#8217;Amministrazione aveva messo a disposizione, fino al trasferimento, avvenuto nel 1978, nell&#8217;attuale sede dell&#8217;ex Convento Agostiniano della SS. Annunziata\u00a0(sec. XV).<\/p>\n<p>&nbsp;<\/p>\n<p>\n        <section class=\"mt-4 mb-3 image-content italiawp2-img alignnone\">\n            <figure class=\"m-0 p-3 u-background-grey-60\">\n                <img src=\"https:\/\/archiviodistatodimassa.cultura.gov.it\/wp-content\/uploads\/2022\/Immagini dal sito\/Image\/8977da32895b5a2d0482ab7b354799b6-1024x617.jpg\" class=\"u-sizeFull\" alt=\"\">\n                <figcaption>\n                    <p>Pontremoli sede<\/p>\n                <\/figcaption>\n            <\/figure><\/section><\/p>\n<h3>Cenni Storici: Convento SS. Annunziata<\/h3>\n<p>Il Borgo ed il Santuario della SS. Annunziata\u00a0sorgono presso il ponte di Saliceto, a meno di 1 Km di distanza da Pontremoli. Il borgo prende il nome dalla Chiesa costruita nel XIV\u2014XV sec. allo scopo di venerare una pittura raffigurante l&#8217;Annunciazione.<\/p>\n<p>Il concorso dei credenti provenienti non solo dalla Lunigiana, ma anche dalla Garfagnana, dal Parmense e dal Genovese aument\u00f2 a tal punto da far nascere la decisione di costruire un Convento presso la Cappella.<\/p>\n<p>Nel marzo del 1474 il Consiglio Generale di Pontremoli approv\u00f2 la proposta di edificare un Monastero e di affidarlo alla Congregazione riformata di Lombardia degli Eremitari di S. Agostino, in virt\u00f9 del rinnovato interesse per i pellegrinaggi nei centri Mariani.<\/p>\n<p>Il Convento della SS. Annunziata, di chiara impostazione rinascimentale, ha due chiostri, di cui uno con un lato adiacente al fianco destro della Chiesa, anche se la costruzione non \u00e8 contemporanea a quella della Chiesa. L&#8217;opera appartiene a Martino da Lugano, che si avvalse del lavoro di parecchi muratori comacini. L&#8217;entrata originale del Convento era verso il monte passando all&#8217;esterno dietro l&#8217;abside della Chiesa, ma in seguito, con la soppressione degli ordini religiosi in era napoleonica, fu aperta una nuova entrata dal lato della strada Provinciale.<\/p>\n<p>Il primo chiostro a forma rettangolare ha 22 arcate a tutto sesto in macigno, sorrette da colonne in arenaria di stile lombardo, con capitelli e basi di due diversi disegni.<br \/>\nIl secondo chiostro ha 26 arcate come le precedenti, sorrette da colonne in arenaria con capitelli e basi di vario stile. L&#8217;edificio del Convento \u00e8 stato da allora utilizzato per scopi diversi, accampamento di truppe di passaggio, abitazione, scuole.<\/p>\n<div id=\"zoomContainer\"><\/div>\n<div id=\"imageList\">\n        <section class=\"mt-4 mb-3 image-content italiawp2-img alignnone\">\n            <figure class=\"m-0 p-3 u-background-grey-60\">\n                <img src=\"https:\/\/archiviodistatodimassa.cultura.gov.it\/wp-content\/uploads\/2022\/Immagini dal sito\/Image\/ee55f45583d2042d8959b4c9a6bfeff2-150x150.jpg\" class=\"u-sizeFull\" alt=\"\">\n                <figcaption>\n                    <p>Primo chiostro del convento della SS. Annunziata (primi anni sec. XX)<\/p>\n                <\/figcaption>\n            <\/figure><\/section>\n        <section class=\"mt-4 mb-3 image-content italiawp2-img alignnone\">\n            <figure class=\"m-0 p-3 u-background-grey-60\">\n                <img src=\"https:\/\/archiviodistatodimassa.cultura.gov.it\/wp-content\/uploads\/2022\/Immagini dal sito\/Image\/1d7d30cd02819e8ef96fd7f678099ee1-300x227.jpg\" class=\"u-sizeFull\" alt=\"\">\n                <figcaption>\n                    <p>Secondo chiostro come si presenta oggi<\/p>\n                <\/figcaption>\n            <\/figure><\/section>\n        <section class=\"mt-4 mb-3 image-content italiawp2-img alignnone\">\n            <figure class=\"m-0 p-3 u-background-grey-60\">\n                <img src=\"https:\/\/archiviodistatodimassa.cultura.gov.it\/wp-content\/uploads\/2022\/Immagini dal sito\/Image\/92156ade0f8cbda696eb3ffc1b7b388c-300x239.jpg\" class=\"u-sizeFull\" alt=\"\">\n                <figcaption>\n                    <p><\/p>\n                <\/figcaption>\n            <\/figure><\/section>\n        <section class=\"mt-4 mb-3 image-content italiawp2-img alignnone\">\n            <figure class=\"m-0 p-3 u-background-grey-60\">\n                <img src=\"https:\/\/archiviodistatodimassa.cultura.gov.it\/wp-content\/uploads\/2022\/Immagini dal sito\/Image\/c77de6961fbd6b6e62988cab91388b74-300x215.jpg\" class=\"u-sizeFull\" alt=\"\">\n                <figcaption>\n                    <p>Fortezza di Pontremoli<\/p>\n                <\/figcaption>\n            <\/figure><\/section>\n        <section class=\"mt-4 mb-3 image-content italiawp2-img alignnone\">\n            <figure class=\"m-0 p-3 u-background-grey-60\">\n                <img src=\"https:\/\/archiviodistatodimassa.cultura.gov.it\/wp-content\/uploads\/2022\/Immagini dal sito\/Image\/916b586968fba1b791afbeba4e592cb9-213x300.jpg\" class=\"u-sizeFull\" alt=\"\">\n                <figcaption>\n                    <p><\/p>\n                <\/figcaption>\n            <\/figure><\/section>\n        <section class=\"mt-4 mb-3 image-content italiawp2-img alignnone\">\n            <figure class=\"m-0 p-3 u-background-grey-60\">\n                <img src=\"https:\/\/archiviodistatodimassa.cultura.gov.it\/wp-content\/uploads\/2022\/Immagini dal sito\/Image\/5e492fc1c3449b864b3a6074b9497b43-300x215.jpg\" class=\"u-sizeFull\" alt=\"\">\n                <figcaption>\n                    <p><\/p>\n                <\/figcaption>\n            <\/figure><\/section><\/div>\n","protected":false},"excerpt":{"rendered":"<p>Sezione di Pontremoli &nbsp; Si informa la Spettabile Utenza che il\u00a0Servizio di Sala Studio\u00a0della Sezione di Pontremoli dell&#8217;Archivio di Stato di Massa \u00e8 momentaneamente sospeso per motivi legati al D.<\/p>\n","protected":false},"author":2,"featured_media":0,"parent":0,"menu_order":0,"comment_status":"closed","ping_status":"closed","template":"","meta":{"footnotes":""},"tags":[],"class_list":["post-237","page","type-page","status-publish","hentry"],"_links":{"self":[{"href":"https:\/\/archiviodistatodimassa.cultura.gov.it\/index.php?rest_route=\/wp\/v2\/pages\/237","targetHints":{"allow":["GET"]}}],"collection":[{"href":"https:\/\/archiviodistatodimassa.cultura.gov.it\/index.php?rest_route=\/wp\/v2\/pages"}],"about":[{"href":"https:\/\/archiviodistatodimassa.cultura.gov.it\/index.php?rest_route=\/wp\/v2\/types\/page"}],"author":[{"embeddable":true,"href":"https:\/\/archiviodistatodimassa.cultura.gov.it\/index.php?rest_route=\/wp\/v2\/users\/2"}],"replies":[{"embeddable":true,"href":"https:\/\/archiviodistatodimassa.cultura.gov.it\/index.php?rest_route=%2Fwp%2Fv2%2Fcomments&post=237"}],"version-history":[{"count":16,"href":"https:\/\/archiviodistatodimassa.cultura.gov.it\/index.php?rest_route=\/wp\/v2\/pages\/237\/revisions"}],"predecessor-version":[{"id":2055,"href":"https:\/\/archiviodistatodimassa.cultura.gov.it\/index.php?rest_route=\/wp\/v2\/pages\/237\/revisions\/2055"}],"wp:attachment":[{"href":"https:\/\/archiviodistatodimassa.cultura.gov.it\/index.php?rest_route=%2Fwp%2Fv2%2Fmedia&parent=237"}],"wp:term":[{"taxonomy":"post_tag","embeddable":true,"href":"https:\/\/archiviodistatodimassa.cultura.gov.it\/index.php?rest_route=%2Fwp%2Fv2%2Ftags&post=237"}],"curies":[{"name":"wp","href":"https:\/\/api.w.org\/{rel}","templated":true}]}}

<h2>Sezione di Pontremoli</h2>
<p>&nbsp;</p>
<hr />
<p><strong>Si informa la Spettabile Utenza che il <em>Servizio di Sala Studio</em> della Sezione di Pontremoli dell&#8217;Archivio di Stato di Massa è momentaneamente sospeso per motivi legati al D. Lgs. 81/2008.​</strong></p>
<p>Massa 15/12/2021</p>
<p>Si comunica che la <strong>ricerca per corrispondenza della documentazione conservata presso la Sezione di Pontremoli</strong> è momentaneamente sospesa a causa di criticità strutturali che richiedono interventi, per i quali questa Direzione ha chiesto gli accreditamenti al Ministero della Cultura.</p>
<p>Cordiali saluti</p>
<p>Il Direttore<br />
Dott.ssa Francesca Nepori</p>
<div id="Signature">
<div>
<div></div>
</div>
</div>
<hr />
<p>&nbsp;</p>
<p><strong>La Sezione di Archivio di Stato di Pontremoli</strong> conserva attualmente circa 13.500 unità archivistiche, 369 pergamene e 1.470 mappe. Il nucleo è l&#8217;archivio dell&#8217;antico comune e del commissario, poi vicario, di Pontremoli. A questo si sono aggiunti vari archivi del periodo napoleonico, della Restaurazione e dello Stato unitario.</p>
<p>Nel 1949 la <a title="Comune di Pontremoli" href="http://www.comune.pontremoli.ms.it/" target="_blank" rel="external noopener">Giunta Comunale di Pontremoli</a>, con delibera del 09.12.1949, dichiarò la volontà di istituire una Sottosezione d&#8217;Archivio di Stato ai sensi dell&#8217;art. 11 della Circolare n. 2006; in realtà sin dal 1941 ne era già stata chiesta l&#8217;istituzione con delibera commissariale. La Sottosezione d&#8217;Archivio di Stato di Pontremoli fu poi istituita con decreto del 12.04.1954 dal Ministero dell&#8217;Interno. Con la legge del 17.12.1962 n. 1863, che disponeva l&#8217;ordinamento degli Archivi di Stato e del personale preposto, si avviò l&#8217;abolizione delle Sottosezioni d&#8217;Archivio di Stato trasformandole in Sezioni. La Sezione di Pontremoli, rimase presso i locali dell&#8217;Archivio comunale che l&#8217;Amministrazione aveva messo a disposizione, fino al trasferimento, avvenuto nel 1978, nell&#8217;attuale sede dell&#8217;ex Convento Agostiniano della SS. Annunziata (sec. XV).</p>
<p>&nbsp;</p>
<p>
        <section class="mt-4 mb-3 image-content italiawp2-img alignnone">
            <figure class="m-0 p-3 u-background-grey-60">
                <img src="https://archiviodistatodimassa.cultura.gov.it/wp-content/uploads/2022/Immagini dal sito/Image/8977da32895b5a2d0482ab7b354799b6-1024x617.jpg" class="u-sizeFull" alt="">
                <figcaption>
                    <p>Pontremoli sede</p>
                </figcaption>
            </figure></section></p>
<h3>Cenni Storici: Convento SS. Annunziata</h3>
<p>Il Borgo ed il Santuario della SS. Annunziata sorgono presso il ponte di Saliceto, a meno di 1 Km di distanza da Pontremoli. Il borgo prende il nome dalla Chiesa costruita nel XIV—XV sec. allo scopo di venerare una pittura raffigurante l&#8217;Annunciazione.</p>
<p>Il concorso dei credenti provenienti non solo dalla Lunigiana, ma anche dalla Garfagnana, dal Parmense e dal Genovese aumentò a tal punto da far nascere la decisione di costruire un Convento presso la Cappella.</p>
<p>Nel marzo del 1474 il Consiglio Generale di Pontremoli approvò la proposta di edificare un Monastero e di affidarlo alla Congregazione riformata di Lombardia degli Eremitari di S. Agostino, in virtù del rinnovato interesse per i pellegrinaggi nei centri Mariani.</p>
<p>Il Convento della SS. Annunziata, di chiara impostazione rinascimentale, ha due chiostri, di cui uno con un lato adiacente al fianco destro della Chiesa, anche se la costruzione non è contemporanea a quella della Chiesa. L&#8217;opera appartiene a Martino da Lugano, che si avvalse del lavoro di parecchi muratori comacini. L&#8217;entrata originale del Convento era verso il monte passando all&#8217;esterno dietro l&#8217;abside della Chiesa, ma in seguito, con la soppressione degli ordini religiosi in era napoleonica, fu aperta una nuova entrata dal lato della strada Provinciale.</p>
<p>Il primo chiostro a forma rettangolare ha 22 arcate a tutto sesto in macigno, sorrette da colonne in arenaria di stile lombardo, con capitelli e basi di due diversi disegni.<br />
Il secondo chiostro ha 26 arcate come le precedenti, sorrette da colonne in arenaria con capitelli e basi di vario stile. L&#8217;edificio del Convento è stato da allora utilizzato per scopi diversi, accampamento di truppe di passaggio, abitazione, scuole.</p>
<div id="zoomContainer"></div>
<div id="imageList">
        <section class="mt-4 mb-3 image-content italiawp2-img alignnone">
            <figure class="m-0 p-3 u-background-grey-60">
                <img src="https://archiviodistatodimassa.cultura.gov.it/wp-content/uploads/2022/Immagini dal sito/Image/ee55f45583d2042d8959b4c9a6bfeff2-150x150.jpg" class="u-sizeFull" alt="">
                <figcaption>
                    <p>Primo chiostro del convento della SS. Annunziata (primi anni sec. XX)</p>
                </figcaption>
            </figure></section>
        <section class="mt-4 mb-3 image-content italiawp2-img alignnone">
            <figure class="m-0 p-3 u-background-grey-60">
                <img src="https://archiviodistatodimassa.cultura.gov.it/wp-content/uploads/2022/Immagini dal sito/Image/1d7d30cd02819e8ef96fd7f678099ee1-300x227.jpg" class="u-sizeFull" alt="">
                <figcaption>
                    <p>Secondo chiostro come si presenta oggi</p>
                </figcaption>
            </figure></section>
        <section class="mt-4 mb-3 image-content italiawp2-img alignnone">
            <figure class="m-0 p-3 u-background-grey-60">
                <img src="https://archiviodistatodimassa.cultura.gov.it/wp-content/uploads/2022/Immagini dal sito/Image/92156ade0f8cbda696eb3ffc1b7b388c-300x239.jpg" class="u-sizeFull" alt="">
                <figcaption>
                    <p></p>
                </figcaption>
            </figure></section>
        <section class="mt-4 mb-3 image-content italiawp2-img alignnone">
            <figure class="m-0 p-3 u-background-grey-60">
                <img src="https://archiviodistatodimassa.cultura.gov.it/wp-content/uploads/2022/Immagini dal sito/Image/c77de6961fbd6b6e62988cab91388b74-300x215.jpg" class="u-sizeFull" alt="">
                <figcaption>
                    <p>Fortezza di Pontremoli</p>
                </figcaption>
            </figure></section>
        <section class="mt-4 mb-3 image-content italiawp2-img alignnone">
            <figure class="m-0 p-3 u-background-grey-60">
                <img src="https://archiviodistatodimassa.cultura.gov.it/wp-content/uploads/2022/Immagini dal sito/Image/916b586968fba1b791afbeba4e592cb9-213x300.jpg" class="u-sizeFull" alt="">
                <figcaption>
                    <p></p>
                </figcaption>
            </figure></section>
        <section class="mt-4 mb-3 image-content italiawp2-img alignnone">
            <figure class="m-0 p-3 u-background-grey-60">
                <img src="https://archiviodistatodimassa.cultura.gov.it/wp-content/uploads/2022/Immagini dal sito/Image/5e492fc1c3449b864b3a6074b9497b43-300x215.jpg" class="u-sizeFull" alt="">
                <figcaption>
                    <p></p>
                </figcaption>
            </figure></section></div>

<p>Sezione di Pontremoli &nbsp; Si informa la Spettabile Utenza che il Servizio di Sala Studio della Sezione di Pontremoli dell&#8217;Archivio di Stato di Massa è momentaneamente sospeso per motivi legati al D.</p>
