{"id":288,"date":"2022-01-20T09:48:17","date_gmt":"2022-01-20T08:48:17","guid":{"rendered":"http:\/\/archiviodistatodimassa.cultura.gov.it\/?page_id=288"},"modified":"2022-05-20T08:30:44","modified_gmt":"2022-05-20T06:30:44","slug":"fondi","status":"publish","type":"page","link":"https:\/\/archiviodistatodimassa.cultura.gov.it\/?page_id=288","title":{"rendered":"Fondi"},"content":{"rendered":"<h2>Fondi<\/h2>\n<p>Le vicende storiche indicate sono testimoniate da una documentazione nutrita di circa 15.000 unit\u00e0 tra registri, buste, filze e mappe; citeremo per primo l&#8217;Archivio del Comune di Pontremoli con n. 4.608 unit\u00e0 che vanno dal XV sec. al 1951, di cui le serie pi\u00f9 importanti sono:<\/p>\n<ul>\n<li><em><strong>Statuti di Pontremoli, Calice al Cornoviglio, Madrignano e Veppo<\/strong><\/em><\/li>\n<li><em><strong>Ospedale di San Lazzaro (1478-1720)<\/strong><\/em><\/li>\n<li><em><strong>Consigli Generali della Comunit\u00e0 (1495-1810)<\/strong><\/em><\/li>\n<li><em><strong>Consigli Rurali della Comunit\u00e0 (1606-1771)<\/strong><\/em><\/li>\n<li><em><strong>Dazzaioli (1701-1807)<\/strong><\/em><\/li>\n<li><em><strong>Estimi (1508-1770)<\/strong><\/em><\/li>\n<li><em><strong>Confinazioni (1548-1847)<\/strong><\/em><\/li>\n<li><em><strong>Istanze (1636-1826)<\/strong><\/em><\/li>\n<li><em><strong>Atti civili (1609-1805)<\/strong><\/em><\/li>\n<li><em><strong>Atti penali (1575-1803)<\/strong><\/em><\/li>\n<li><em><strong>Sentenze (1618-1683)<\/strong><\/em><\/li>\n<li><em><strong>Processi (1580-1804)<\/strong><\/em><\/li>\n<li><em><strong>Tribunale di Prima Istanza (1806-1814)<\/strong><\/em><\/li>\n<li><em><strong>Leggi e Motupropri (1692-1849)<\/strong><\/em><\/li>\n<li><em><strong>Stato Civile (1799-1860)<\/strong><\/em><\/li>\n<li><em><strong>Le XV categorie comunali dal 1860 al 1951<\/strong><\/em><\/li>\n<\/ul>\n<p>Seguono le carte del\u00a0<em><strong>Commissario poi Vicario<\/strong><\/em>\u00a0<em><strong>(1695-1794)<\/strong><\/em>.<\/p>\n<p>Di notevole rilievo \u00e8 l&#8217;Archivio Notarile costituito da n. 2.768 unit\u00e0 (1417-1900) e corredato, per la parte pi\u00f9 antica, da un inventario settecentesco.<br \/>\nQuesta documentazione, pervenuta alla Sezione nel 1987, in precedenza era conservata all&#8217;interno di un mobile del 1500, appositamente costruito in una sala del Palazzo comunale.<br \/>\nA Pontremoli l&#8217;istituzione del Collegio notarile fu sancita da un decreto del 1\u00b0 ottobre 1388, emanato da Giovanni Galeazzo Visconti ed inviato al Podest\u00e0 ed al Consiglio generale, col quale si approvava l&#8217;inserimento negli Statuti Pontremolesi di venticinque nuovi capitoli relativi alla formazione del Collegio stesso. Nasceva cos\u00ec il Collegio dei Notai di Pontremoli disciplinato da specifiche disposizioni e munito di un apposito sigillo.<\/p>\n<p>\n        <section class=\"mt-4 mb-3 image-content italiawp2-img alignnone\">\n            <figure class=\"m-0 p-3 u-background-grey-60\">\n                <img src=\"https:\/\/archiviodistatodimassa.cultura.gov.it\/wp-content\/uploads\/2022\/Immagini dal sito\/Image\/735acf53b056cadcaf64b373ff3854cb-1024x729.jpg\" class=\"u-sizeFull\" alt=\"\">\n                <figcaption>\n                    <p><\/p>\n                <\/figcaption>\n            <\/figure><\/section><\/p>\n<p>L&#8217;amministrazione toscana di Pontremoli ebbe inizio nel 1650 e cess\u00f2 una prima volta nel 1796, in seguito all&#8217;occupazione francese che dur\u00f2 fino al 1814.<br \/>\nIl periodo napoleonico \u00e8 quindi documentato dalle carte del fondo della\u00a0<em><strong>Sottoprefettura Francese (1796-1814)<\/strong><\/em>.<br \/>\nDurante detto periodo Pontremoli fece parte in un primo tempo del Regno di Etruria, poi fu unita all&#8217;Impero nel Dipartimento del Taro e, successivamente, in quello degli Appennini.<br \/>\nIl periodo della Restaurazione \u00e8 documentato dalle carte del\u00a0<em><strong>Commissario Regio (1814-1849)<\/strong><\/em>, al quale subentr\u00f2 durante il periodo Borbonico la\u00a0<em><strong>Prefettura della Lunigiana Parmense (Gennaio-Marzo 1848 e Maggio 1849-1859)<\/strong><\/em>\u00a0e dalle carte dell&#8217;<em><strong>Ufficio di Acque e Strade di Lunigiana (1835-1860)<\/strong><\/em>.<\/p>\n<p>Il periodo postunitario \u00e8 rappresentato invece dai seguenti archivi:<\/p>\n<ul>\n<li><em><strong>Sottoprefettura (1859-1925)<\/strong><\/em><\/li>\n<li><em><strong>Ufficio Distrettuale delle Imposte Dirette (1800-1970)<br \/>\n<\/strong><\/em><\/li>\n<li><em><strong>Corpo Reale del Genio Civile (1860-1865)<br \/>\n<\/strong><\/em><\/li>\n<li><em><strong>Ufficio di Conciliazione (1866-1930)<br \/>\n<\/strong><\/em><\/li>\n<li><em><strong>Tribunale di Pontremoli (1862-1925)<br \/>\n<\/strong><\/em><\/li>\n<li><em><strong>Pretura di Pontremoli (1837-1969<br \/>\n<\/strong><\/em><\/li>\n<li><em><strong>Preture di Bagnone e Mulazzo (soppresse nel 1925)<br \/>\n<\/strong><\/em><\/li>\n<li><em><strong>Ospedale S.Antonio Abate di Pontremoli.<br \/>\n<\/strong><\/em><\/li>\n<\/ul>\n<p>Quest&#8217;ultimo fondo inizia nel 1549 con un registro dei Censi, cui seguono:\u00a0<em><strong>Doti (1578-1828)<\/strong><\/em>,\u00a0<strong><em>Lasciti (1528-1827)<\/em><\/strong>,\u00a0<em><strong>Contabilit\u00e0 (1721-1945)<\/strong><\/em>,\u00a0<em><strong>Corrispondenza e protocolli (1577-1950)<\/strong><\/em>,\u00a0<em><strong>Ospizio dei Gettatelli (1856-1940)<\/strong><\/em>,\u00a0<em><strong>Cartelle Cliniche (1837-1950)<\/strong><\/em>.<\/p>\n<p>Sono stati depositati inoltre, nella Sezione, le copie del\u00a0<em><strong>Catasto Leopoldino<\/strong><\/em>\u00a0ed alcuni archivi privati di enti e famiglie di seguito specificati.<\/p>\n<ul>\n<li><em><strong>Archivio Asilo Razzetti<\/strong><\/em><\/li>\n<\/ul>\n<p>L&#8217;ente Asilo infantile e Scuola materna Domenico Razzetti venne approvato dal Consiglio comunale di Pontremoli il 02\/09\/1868 e fu riconosciuto con decreto n. 1317 in data 05\/08\/1915. Le carte vanno dal 1871 al 1976, ma durante l&#8217;ultima guerra subirono delle dispersioni.<\/p>\n<ul>\n<li><em><strong>Archivio Colonia Ceppellini<\/strong><\/em><\/li>\n<\/ul>\n<p>La Colonia marino montana dott. Pietro Ceppellini, intitolata per consuetudine al suo fondatore, fu istituita nel 1910 come Istituzione pubblica di assistenza e beneficenza. Eretta come Ente morale con Regio Decreto 26\/03\/1930, che ne approv\u00f2 lo statuto organico, ebbe come scopo originario quello di accogliere e di inviare al mare o ai monti, per le cure balneari e climatiche, bambini e fanciulli riconosciuti affetti da malattie per le quali si reputavano necessarie le suddette cure (1910-1963).<\/p>\n<ul>\n<li><em><strong>Archivio fam. Maraffi-Giuliani (1616-1940)<\/strong><\/em><\/li>\n<\/ul>\n<p>Pervenuto alla Sezione di Pontremoli come donazione nel 2001, l&#8217;archivio contiene corrispondenza delle due famiglie, unitamente a pratiche legali degli avvocati Girolamo e Ciro Giuliani, ed alla raccolta di perizie, disegni, appunti e relazioni dell&#8217;ing. Giuliani.<\/p>\n<p>\n        <section class=\"mt-4 mb-3 image-content italiawp2-img aligncenter\">\n            <figure class=\"m-0 p-3 u-background-grey-60\">\n                <img src=\"https:\/\/archiviodistatodimassa.cultura.gov.it\/wp-content\/uploads\/2022\/Immagini dal sito\/Image\/5e78cfdd884eb9e801599c0973b7aa5c-1024x682.jpg\" class=\"u-sizeFull\" alt=\"\">\n                <figcaption>\n                    <p><\/p>\n                <\/figcaption>\n            <\/figure><\/section><\/p>\n","protected":false},"excerpt":{"rendered":"<p>Fondi Le vicende storiche indicate sono testimoniate da una documentazione nutrita di circa 15.<\/p>\n","protected":false},"author":2,"featured_media":0,"parent":0,"menu_order":0,"comment_status":"closed","ping_status":"closed","template":"","meta":{"footnotes":""},"tags":[],"class_list":["post-288","page","type-page","status-publish","hentry"],"_links":{"self":[{"href":"https:\/\/archiviodistatodimassa.cultura.gov.it\/index.php?rest_route=\/wp\/v2\/pages\/288","targetHints":{"allow":["GET"]}}],"collection":[{"href":"https:\/\/archiviodistatodimassa.cultura.gov.it\/index.php?rest_route=\/wp\/v2\/pages"}],"about":[{"href":"https:\/\/archiviodistatodimassa.cultura.gov.it\/index.php?rest_route=\/wp\/v2\/types\/page"}],"author":[{"embeddable":true,"href":"https:\/\/archiviodistatodimassa.cultura.gov.it\/index.php?rest_route=\/wp\/v2\/users\/2"}],"replies":[{"embeddable":true,"href":"https:\/\/archiviodistatodimassa.cultura.gov.it\/index.php?rest_route=%2Fwp%2Fv2%2Fcomments&post=288"}],"version-history":[{"count":6,"href":"https:\/\/archiviodistatodimassa.cultura.gov.it\/index.php?rest_route=\/wp\/v2\/pages\/288\/revisions"}],"predecessor-version":[{"id":1967,"href":"https:\/\/archiviodistatodimassa.cultura.gov.it\/index.php?rest_route=\/wp\/v2\/pages\/288\/revisions\/1967"}],"wp:attachment":[{"href":"https:\/\/archiviodistatodimassa.cultura.gov.it\/index.php?rest_route=%2Fwp%2Fv2%2Fmedia&parent=288"}],"wp:term":[{"taxonomy":"post_tag","embeddable":true,"href":"https:\/\/archiviodistatodimassa.cultura.gov.it\/index.php?rest_route=%2Fwp%2Fv2%2Ftags&post=288"}],"curies":[{"name":"wp","href":"https:\/\/api.w.org\/{rel}","templated":true}]}}

<h2>Fondi</h2>
<p>Le vicende storiche indicate sono testimoniate da una documentazione nutrita di circa 15.000 unità tra registri, buste, filze e mappe; citeremo per primo l&#8217;Archivio del Comune di Pontremoli con n. 4.608 unità che vanno dal XV sec. al 1951, di cui le serie più importanti sono:</p>
<ul>
<li><em><strong>Statuti di Pontremoli, Calice al Cornoviglio, Madrignano e Veppo</strong></em></li>
<li><em><strong>Ospedale di San Lazzaro (1478-1720)</strong></em></li>
<li><em><strong>Consigli Generali della Comunità (1495-1810)</strong></em></li>
<li><em><strong>Consigli Rurali della Comunità (1606-1771)</strong></em></li>
<li><em><strong>Dazzaioli (1701-1807)</strong></em></li>
<li><em><strong>Estimi (1508-1770)</strong></em></li>
<li><em><strong>Confinazioni (1548-1847)</strong></em></li>
<li><em><strong>Istanze (1636-1826)</strong></em></li>
<li><em><strong>Atti civili (1609-1805)</strong></em></li>
<li><em><strong>Atti penali (1575-1803)</strong></em></li>
<li><em><strong>Sentenze (1618-1683)</strong></em></li>
<li><em><strong>Processi (1580-1804)</strong></em></li>
<li><em><strong>Tribunale di Prima Istanza (1806-1814)</strong></em></li>
<li><em><strong>Leggi e Motupropri (1692-1849)</strong></em></li>
<li><em><strong>Stato Civile (1799-1860)</strong></em></li>
<li><em><strong>Le XV categorie comunali dal 1860 al 1951</strong></em></li>
</ul>
<p>Seguono le carte del <em><strong>Commissario poi Vicario</strong></em> <em><strong>(1695-1794)</strong></em>.</p>
<p>Di notevole rilievo è l&#8217;Archivio Notarile costituito da n. 2.768 unità (1417-1900) e corredato, per la parte più antica, da un inventario settecentesco.<br />
Questa documentazione, pervenuta alla Sezione nel 1987, in precedenza era conservata all&#8217;interno di un mobile del 1500, appositamente costruito in una sala del Palazzo comunale.<br />
A Pontremoli l&#8217;istituzione del Collegio notarile fu sancita da un decreto del 1° ottobre 1388, emanato da Giovanni Galeazzo Visconti ed inviato al Podestà ed al Consiglio generale, col quale si approvava l&#8217;inserimento negli Statuti Pontremolesi di venticinque nuovi capitoli relativi alla formazione del Collegio stesso. Nasceva così il Collegio dei Notai di Pontremoli disciplinato da specifiche disposizioni e munito di un apposito sigillo.</p>
<p>
        <section class="mt-4 mb-3 image-content italiawp2-img alignnone">
            <figure class="m-0 p-3 u-background-grey-60">
                <img src="https://archiviodistatodimassa.cultura.gov.it/wp-content/uploads/2022/Immagini dal sito/Image/735acf53b056cadcaf64b373ff3854cb-1024x729.jpg" class="u-sizeFull" alt="">
                <figcaption>
                    <p></p>
                </figcaption>
            </figure></section></p>
<p>L&#8217;amministrazione toscana di Pontremoli ebbe inizio nel 1650 e cessò una prima volta nel 1796, in seguito all&#8217;occupazione francese che durò fino al 1814.<br />
Il periodo napoleonico è quindi documentato dalle carte del fondo della <em><strong>Sottoprefettura Francese (1796-1814)</strong></em>.<br />
Durante detto periodo Pontremoli fece parte in un primo tempo del Regno di Etruria, poi fu unita all&#8217;Impero nel Dipartimento del Taro e, successivamente, in quello degli Appennini.<br />
Il periodo della Restaurazione è documentato dalle carte del <em><strong>Commissario Regio (1814-1849)</strong></em>, al quale subentrò durante il periodo Borbonico la <em><strong>Prefettura della Lunigiana Parmense (Gennaio-Marzo 1848 e Maggio 1849-1859)</strong></em> e dalle carte dell&#8217;<em><strong>Ufficio di Acque e Strade di Lunigiana (1835-1860)</strong></em>.</p>
<p>Il periodo postunitario è rappresentato invece dai seguenti archivi:</p>
<ul>
<li><em><strong>Sottoprefettura (1859-1925)</strong></em></li>
<li><em><strong>Ufficio Distrettuale delle Imposte Dirette (1800-1970)<br />
</strong></em></li>
<li><em><strong>Corpo Reale del Genio Civile (1860-1865)<br />
</strong></em></li>
<li><em><strong>Ufficio di Conciliazione (1866-1930)<br />
</strong></em></li>
<li><em><strong>Tribunale di Pontremoli (1862-1925)<br />
</strong></em></li>
<li><em><strong>Pretura di Pontremoli (1837-1969<br />
</strong></em></li>
<li><em><strong>Preture di Bagnone e Mulazzo (soppresse nel 1925)<br />
</strong></em></li>
<li><em><strong>Ospedale S.Antonio Abate di Pontremoli.<br />
</strong></em></li>
</ul>
<p>Quest&#8217;ultimo fondo inizia nel 1549 con un registro dei Censi, cui seguono: <em><strong>Doti (1578-1828)</strong></em>, <strong><em>Lasciti (1528-1827)</em></strong>, <em><strong>Contabilità (1721-1945)</strong></em>, <em><strong>Corrispondenza e protocolli (1577-1950)</strong></em>, <em><strong>Ospizio dei Gettatelli (1856-1940)</strong></em>, <em><strong>Cartelle Cliniche (1837-1950)</strong></em>.</p>
<p>Sono stati depositati inoltre, nella Sezione, le copie del <em><strong>Catasto Leopoldino</strong></em> ed alcuni archivi privati di enti e famiglie di seguito specificati.</p>
<ul>
<li><em><strong>Archivio Asilo Razzetti</strong></em></li>
</ul>
<p>L&#8217;ente Asilo infantile e Scuola materna Domenico Razzetti venne approvato dal Consiglio comunale di Pontremoli il 02/09/1868 e fu riconosciuto con decreto n. 1317 in data 05/08/1915. Le carte vanno dal 1871 al 1976, ma durante l&#8217;ultima guerra subirono delle dispersioni.</p>
<ul>
<li><em><strong>Archivio Colonia Ceppellini</strong></em></li>
</ul>
<p>La Colonia marino montana dott. Pietro Ceppellini, intitolata per consuetudine al suo fondatore, fu istituita nel 1910 come Istituzione pubblica di assistenza e beneficenza. Eretta come Ente morale con Regio Decreto 26/03/1930, che ne approvò lo statuto organico, ebbe come scopo originario quello di accogliere e di inviare al mare o ai monti, per le cure balneari e climatiche, bambini e fanciulli riconosciuti affetti da malattie per le quali si reputavano necessarie le suddette cure (1910-1963).</p>
<ul>
<li><em><strong>Archivio fam. Maraffi-Giuliani (1616-1940)</strong></em></li>
</ul>
<p>Pervenuto alla Sezione di Pontremoli come donazione nel 2001, l&#8217;archivio contiene corrispondenza delle due famiglie, unitamente a pratiche legali degli avvocati Girolamo e Ciro Giuliani, ed alla raccolta di perizie, disegni, appunti e relazioni dell&#8217;ing. Giuliani.</p>
<p>
        <section class="mt-4 mb-3 image-content italiawp2-img aligncenter">
            <figure class="m-0 p-3 u-background-grey-60">
                <img src="https://archiviodistatodimassa.cultura.gov.it/wp-content/uploads/2022/Immagini dal sito/Image/5e78cfdd884eb9e801599c0973b7aa5c-1024x682.jpg" class="u-sizeFull" alt="">
                <figcaption>
                    <p></p>
                </figcaption>
            </figure></section></p>
