{"id":4131,"date":"2024-03-20T08:56:02","date_gmt":"2024-03-20T07:56:02","guid":{"rendered":"https:\/\/archiviodistatodimassa.cultura.gov.it\/?page_id=4131"},"modified":"2024-03-21T17:16:16","modified_gmt":"2024-03-21T16:16:16","slug":"attivita-didattica-e-visite-guidate","status":"publish","type":"page","link":"https:\/\/archiviodistatodimassa.cultura.gov.it\/?page_id=4131","title":{"rendered":"Attivit\u00e0 didattica e visite guidate"},"content":{"rendered":"<p style=\"text-align: left;\"><strong>Attivit\u00e0 didattiche<\/strong><\/p>\n<div class=\"container\">\n<div class=\"row slim-margin-xl-t\">\n<div class=\"twelve columns\">\n<div class=\"nine columns\">\n<div class=\"row slim-margin-l-tb\">\n<div class=\"row\">\n<div id=\"cb-main-content\">\n<div id=\"c118\" class=\"frame frame-default frame-type-text frame-layout-0\">\n<p style=\"text-align: left;\"><b>Una nuova costruzione attiva del sapere in grado di sollecitare il senso critico in ogni studente \u00e8 possibile incontrarla in un Archivio di Stato. <\/b><\/p>\n<p>L\u2019inserimento dell\u2019attivit\u00e0 didattica nel contesto lavorativo dell\u2019Archivio di Stato di Massa risale a molti anni fa. Il nostro Istituto collabora con le istituzioni scolastiche per consentire agli studenti di vivere un ambiente di lavoro e per organizzare attivit\u00e0 che permettano loro di sperimentarsi in un ambiente di apprendimento adeguato agli obiettivi formativi. Ogni esperienza realizzata in sinergia con la scuola ha sempre permesso la realizzazione di iniziative molto riuscite, come i laboratori didattici, ambiti di creativit\u00e0 di cui i giovani sono grandi portatori.<\/p>\n<p>Il ponte creato dal MIUR che collega istituzioni come l\u2019Archivio di Stato e le Scuole, il PCTO (Percorso per le Competenze Trasversali e l\u2019Orientamento) \u00e8 lo strumento privilegiato che viene attivato attraverso la stipula di una Convenzione. La realizzazione dei PCTO permette di promuovere una diffusione coerente dell\u2019immagine del nostro Istituto restituita attraverso gli effetti del lavoro profuso nelle iniziative intraprese. Ma mentre si assolve a questa funzione di valorizzazione contemporaneamente si svolge una funzione di educazione al patrimonio documentario di un Archivio di Stato degli studenti. Il <i>bene culturale <\/i>archivistico per essere reso accessibile, ed il suo potenziale educativo essere compreso e riconosciuto da tutti, ha bisogno di un passaggio propedeutico, un\u2019<i>attivit\u00e0 culturale <\/i>da parte del personale che opera negli archivi. Non ha l\u2019immediatezza di comprensione del <i>bene culturale quadro<\/i>. La didattica negli archivi \u00e8 un livello di intervento pi\u00f9 approfondito perch\u00e9 comporta la costruzione di percorsi di ricerca e l\u2019utilizzazione delle fonti documentarie primarie, dove si crea un processo di costruzione attiva del sapere. Questi percorsi sono spesso definiti \u201claboratori\u201d, vere e proprie officine di lavoro sulle fonti, proprio a voler significare il luogo ideale in cui gli studenti, gli insegnanti e i referenti didattici interni lavorano insieme e concorrono, ognuno per la propria professionalit\u00e0, ad un risultato comune. Il contatto degli studenti con informazioni \u201cdi prima mano\u201d come possono essere le fonti archivistiche concorre alla formazione di un pensiero critico degli studenti a vantaggio di una visione pi\u00f9 oggettiva di quanto accaduto in passato rispetto ad un \u201cuso pubblico\u201d della storia.<\/p>\n<p>Quanto detto \u00e8 stato messo in pratica con le ultime esperienze di laboratori didattici tenutesi nei mesi di febbraio-marzo 2024 con gli studenti del Liceo Artistico \u201cArtemisia Gentileschi\u201d di Carrara che hanno avuto modo di leggere e studiare i documenti conservati presso l\u2019Archivio di Stato di Massa e attraverso cui \u00e8 in corso la ricostruzione del profilo storico della sede della loro scuola esaminando i documenti originali di quella che era stata una ex \u201cCasa del Balilla\u201d. Dalla analisi dei documenti sono emerse informazioni sulla tipologia di organizzazione, figlia del suo tempo e quindi la microstoria si intreccia a concetti macrostorici desunti da un\u2019analisi diretta delle carte. In quel laboratorio si \u00e8 creata una situazione emotiva e conoscitiva in grado di far confrontare e poter lavorare sulle \u201cpreconcezioni\u201d. I dati e le informazioni di cui lo studente dispone interagiscono con procedure e contenuti nuovi, possono essere da loro verificati, permettendo cos\u00ec un conflitto cognitivo e la conseguente costruzione di nuove categorie di sapere e di consapevolezza. Quindi le conoscenze gi\u00e0 indotte nello studente hanno la possibilit\u00e0 di confrontarsi con strumenti \u201cdi prima mano\u201d, possibilit\u00e0 che solo un documento originale pu\u00f2 essere in grado di suscitare.<\/p>\n<\/div>\n<div id=\"c118\" class=\"frame frame-default frame-type-text frame-layout-0\">\n<p><strong>Visite guidate<\/strong><\/p>\n<p>L&#8217;Archivio in occasione di mostre e aperture straordinarie organizza visite guidate su richiesta di scuole, associazioni culturali, docenti universitari o gruppi di persone interessate.<br \/>\n\u00c8 necessario concordare preventivamente tempi e modi della visita e gli ambiti di interesse inviando una mail all\u2019indirizzo <a href=\"mailto:as-ms@cultura.gov.it\">as-ms@cultura.gov.it<\/a><\/p>\n<\/div>\n<\/div>\n<\/div>\n<\/div>\n<\/div>\n<\/div>\n<\/div>\n<\/div>\n<div class=\"row slim-bg-footer\">\n<div class=\"container\">\n<div class=\"row slim-footer-line\">\n<div class=\"footer\">\n<div class=\"three columns slim-footer-columns\"><\/div>\n<\/div>\n<\/div>\n<\/div>\n<\/div>\n<p>&nbsp;<\/p>\n<p><strong>Progetti Anno 2024<\/strong>:<\/p>\n<p>&nbsp;<\/p>\n<p><a href=\"https:\/\/youtu.be\/HevuyXNQAYw?feature=shared\">Le vite interrotte e la forza di ricominciare<\/a>: <strong>La partenza dall&#8217;Istria, Dalmazia, Fiume.<\/strong> PCTO presso l&#8217;Archivio di Stato di Massa &#8211; Video Interviste al sig .Francesco Ostrogovich &#8211; Luciana Calochira<\/p>\n<p><a href=\"https:\/\/beniculturaliit-my.sharepoint.com\/:f:\/g\/personal\/as-ms_cultura_gov_it\/EkPk335c3j9DknuikE7pVAIBfY1vO1IkBiJchYyFHdxs6Q?e=0FkJyv\">Foto e scheda progetto<\/a><\/p>\n<p><strong><span style=\"color: #000000;\">Liceo E.Fermi Massa\u00a0<\/span><\/strong><\/p>\n<p>\n        <section class=\"mt-4 mb-3 image-content italiawp2-img alignnone\">\n            <figure class=\"m-0 p-3 u-background-grey-60\">\n                <img src=\"https:\/\/archiviodistatodimassa.cultura.gov.it\/wp-content\/uploads\/2024\/03\/nep-mastro-ragazze-300x267.jpg\" class=\"u-sizeFull\" alt=\"\">\n                <figcaption>\n                    <p><\/p>\n                <\/figcaption>\n            <\/figure><\/section><\/p>\n<p>____________________________________________________________________________________________________________________________________<\/p>\n<p><strong>Luoghi e Memorie : Fonti archivistiche e Territorio &#8211; Storia della nostra scuola :La sede del liceo artistico &#8220;Artemisia Gentileschi&#8221; di Carrara<\/strong><\/p>\n<p><a href=\"https:\/\/beniculturaliit-my.sharepoint.com\/:f:\/g\/personal\/as-ms_cultura_gov_it\/Eral4MO6QCBMoETOvim2iwMB6m6kUdCGGk4pUQ0XTjec6w?e=0LHJWo\">Liceo Artemisia Gentileschi\u00a0 <\/a>foto e scheda progetto<\/p>\n<p>\n        <section class=\"mt-4 mb-3 image-content italiawp2-img alignnone\">\n            <figure class=\"m-0 p-3 u-background-grey-60\">\n                <img src=\"https:\/\/archiviodistatodimassa.cultura.gov.it\/wp-content\/uploads\/2024\/03\/D806117-300x169.jpg\" class=\"u-sizeFull\" alt=\"\">\n                <figcaption>\n                    <p><\/p>\n                <\/figcaption>\n            <\/figure><\/section><\/p>\n","protected":false},"excerpt":{"rendered":"<p>Attivit\u00e0 didattiche Una nuova costruzione attiva del sapere in grado di sollecitare il senso critico in ogni studente \u00e8 possibile incontrarla in un Archivio di Stato.<\/p>\n","protected":false},"author":2,"featured_media":0,"parent":0,"menu_order":0,"comment_status":"closed","ping_status":"closed","template":"","meta":{"footnotes":""},"tags":[],"class_list":["post-4131","page","type-page","status-publish","hentry"],"_links":{"self":[{"href":"https:\/\/archiviodistatodimassa.cultura.gov.it\/index.php?rest_route=\/wp\/v2\/pages\/4131","targetHints":{"allow":["GET"]}}],"collection":[{"href":"https:\/\/archiviodistatodimassa.cultura.gov.it\/index.php?rest_route=\/wp\/v2\/pages"}],"about":[{"href":"https:\/\/archiviodistatodimassa.cultura.gov.it\/index.php?rest_route=\/wp\/v2\/types\/page"}],"author":[{"embeddable":true,"href":"https:\/\/archiviodistatodimassa.cultura.gov.it\/index.php?rest_route=\/wp\/v2\/users\/2"}],"replies":[{"embeddable":true,"href":"https:\/\/archiviodistatodimassa.cultura.gov.it\/index.php?rest_route=%2Fwp%2Fv2%2Fcomments&post=4131"}],"version-history":[{"count":21,"href":"https:\/\/archiviodistatodimassa.cultura.gov.it\/index.php?rest_route=\/wp\/v2\/pages\/4131\/revisions"}],"predecessor-version":[{"id":4163,"href":"https:\/\/archiviodistatodimassa.cultura.gov.it\/index.php?rest_route=\/wp\/v2\/pages\/4131\/revisions\/4163"}],"wp:attachment":[{"href":"https:\/\/archiviodistatodimassa.cultura.gov.it\/index.php?rest_route=%2Fwp%2Fv2%2Fmedia&parent=4131"}],"wp:term":[{"taxonomy":"post_tag","embeddable":true,"href":"https:\/\/archiviodistatodimassa.cultura.gov.it\/index.php?rest_route=%2Fwp%2Fv2%2Ftags&post=4131"}],"curies":[{"name":"wp","href":"https:\/\/api.w.org\/{rel}","templated":true}]}}

Attività didattica e visite guidate

<p style="text-align: left;"><strong>Attività didattiche</strong></p>
<div class="container">
<div class="row slim-margin-xl-t">
<div class="twelve columns">
<div class="nine columns">
<div class="row slim-margin-l-tb">
<div class="row">
<div id="cb-main-content">
<div id="c118" class="frame frame-default frame-type-text frame-layout-0">
<p style="text-align: left;"><b>Una nuova costruzione attiva del sapere in grado di sollecitare il senso critico in ogni studente è possibile incontrarla in un Archivio di Stato. </b></p>
<p>L’inserimento dell’attività didattica nel contesto lavorativo dell’Archivio di Stato di Massa risale a molti anni fa. Il nostro Istituto collabora con le istituzioni scolastiche per consentire agli studenti di vivere un ambiente di lavoro e per organizzare attività che permettano loro di sperimentarsi in un ambiente di apprendimento adeguato agli obiettivi formativi. Ogni esperienza realizzata in sinergia con la scuola ha sempre permesso la realizzazione di iniziative molto riuscite, come i laboratori didattici, ambiti di creatività di cui i giovani sono grandi portatori.</p>
<p>Il ponte creato dal MIUR che collega istituzioni come l’Archivio di Stato e le Scuole, il PCTO (Percorso per le Competenze Trasversali e l’Orientamento) è lo strumento privilegiato che viene attivato attraverso la stipula di una Convenzione. La realizzazione dei PCTO permette di promuovere una diffusione coerente dell’immagine del nostro Istituto restituita attraverso gli effetti del lavoro profuso nelle iniziative intraprese. Ma mentre si assolve a questa funzione di valorizzazione contemporaneamente si svolge una funzione di educazione al patrimonio documentario di un Archivio di Stato degli studenti. Il <i>bene culturale </i>archivistico per essere reso accessibile, ed il suo potenziale educativo essere compreso e riconosciuto da tutti, ha bisogno di un passaggio propedeutico, un’<i>attività culturale </i>da parte del personale che opera negli archivi. Non ha l’immediatezza di comprensione del <i>bene culturale quadro</i>. La didattica negli archivi è un livello di intervento più approfondito perché comporta la costruzione di percorsi di ricerca e l’utilizzazione delle fonti documentarie primarie, dove si crea un processo di costruzione attiva del sapere. Questi percorsi sono spesso definiti “laboratori”, vere e proprie officine di lavoro sulle fonti, proprio a voler significare il luogo ideale in cui gli studenti, gli insegnanti e i referenti didattici interni lavorano insieme e concorrono, ognuno per la propria professionalità, ad un risultato comune. Il contatto degli studenti con informazioni “di prima mano” come possono essere le fonti archivistiche concorre alla formazione di un pensiero critico degli studenti a vantaggio di una visione più oggettiva di quanto accaduto in passato rispetto ad un “uso pubblico” della storia.</p>
<p>Quanto detto è stato messo in pratica con le ultime esperienze di laboratori didattici tenutesi nei mesi di febbraio-marzo 2024 con gli studenti del Liceo Artistico “Artemisia Gentileschi” di Carrara che hanno avuto modo di leggere e studiare i documenti conservati presso l’Archivio di Stato di Massa e attraverso cui è in corso la ricostruzione del profilo storico della sede della loro scuola esaminando i documenti originali di quella che era stata una ex “Casa del Balilla”. Dalla analisi dei documenti sono emerse informazioni sulla tipologia di organizzazione, figlia del suo tempo e quindi la microstoria si intreccia a concetti macrostorici desunti da un’analisi diretta delle carte. In quel laboratorio si è creata una situazione emotiva e conoscitiva in grado di far confrontare e poter lavorare sulle “preconcezioni”. I dati e le informazioni di cui lo studente dispone interagiscono con procedure e contenuti nuovi, possono essere da loro verificati, permettendo così un conflitto cognitivo e la conseguente costruzione di nuove categorie di sapere e di consapevolezza. Quindi le conoscenze già indotte nello studente hanno la possibilità di confrontarsi con strumenti “di prima mano”, possibilità che solo un documento originale può essere in grado di suscitare.</p>
</div>
<div id="c118" class="frame frame-default frame-type-text frame-layout-0">
<p><strong>Visite guidate</strong></p>
<p>L&#8217;Archivio in occasione di mostre e aperture straordinarie organizza visite guidate su richiesta di scuole, associazioni culturali, docenti universitari o gruppi di persone interessate.<br />
È necessario concordare preventivamente tempi e modi della visita e gli ambiti di interesse inviando una mail all’indirizzo <a href="mailto:as-ms@cultura.gov.it">as-ms@cultura.gov.it</a></p>
</div>
</div>
</div>
</div>
</div>
</div>
</div>
</div>
<div class="row slim-bg-footer">
<div class="container">
<div class="row slim-footer-line">
<div class="footer">
<div class="three columns slim-footer-columns"></div>
</div>
</div>
</div>
</div>
<p>&nbsp;</p>
<p><strong>Progetti Anno 2024</strong>:</p>
<p>&nbsp;</p>
<p><a href="https://youtu.be/HevuyXNQAYw?feature=shared">Le vite interrotte e la forza di ricominciare</a>: <strong>La partenza dall&#8217;Istria, Dalmazia, Fiume.</strong> PCTO presso l&#8217;Archivio di Stato di Massa &#8211; Video Interviste al sig .Francesco Ostrogovich &#8211; Luciana Calochira</p>
<p><a href="https://beniculturaliit-my.sharepoint.com/:f:/g/personal/as-ms_cultura_gov_it/EkPk335c3j9DknuikE7pVAIBfY1vO1IkBiJchYyFHdxs6Q?e=0FkJyv">Foto e scheda progetto</a></p>
<p><strong><span style="color: #000000;">Liceo E.Fermi Massa </span></strong></p>
<p>
        <section class="mt-4 mb-3 image-content italiawp2-img alignnone">
            <figure class="m-0 p-3 u-background-grey-60">
                <img src="https://archiviodistatodimassa.cultura.gov.it/wp-content/uploads/2024/03/nep-mastro-ragazze-300x267.jpg" class="u-sizeFull" alt="">
                <figcaption>
                    <p></p>
                </figcaption>
            </figure></section></p>
<p>____________________________________________________________________________________________________________________________________</p>
<p><strong>Luoghi e Memorie : Fonti archivistiche e Territorio &#8211; Storia della nostra scuola :La sede del liceo artistico &#8220;Artemisia Gentileschi&#8221; di Carrara</strong></p>
<p><a href="https://beniculturaliit-my.sharepoint.com/:f:/g/personal/as-ms_cultura_gov_it/Eral4MO6QCBMoETOvim2iwMB6m6kUdCGGk4pUQ0XTjec6w?e=0LHJWo">Liceo Artemisia Gentileschi  </a>foto e scheda progetto</p>
<p>
        <section class="mt-4 mb-3 image-content italiawp2-img alignnone">
            <figure class="m-0 p-3 u-background-grey-60">
                <img src="https://archiviodistatodimassa.cultura.gov.it/wp-content/uploads/2024/03/D806117-300x169.jpg" class="u-sizeFull" alt="">
                <figcaption>
                    <p></p>
                </figcaption>
            </figure></section></p>

<p>Attività didattiche Una nuova costruzione attiva del sapere in grado di sollecitare il senso critico in ogni studente è possibile incontrarla in un Archivio di Stato.</p>
